 Let v = -38 + 53. Let j = a - v. List the prime factors of j.
2, 3
Suppose -5*u = -3*n - 462, -2*u - n + 53 + 134 = 0. List the prime factors of u.
3, 31
Let r = -11 + 0. Let a = 30 + r. List the prime factors of a.
19
Let z be 1 - (0 - -1)*-2. Suppose 2*u = -z*u - 5*s + 10, 19 = -4*u + 5*s. What are the prime factors of (-21 + u)*2/(-4)?
11
Let i = 51 + -36. Let a = i + -3. List the prime factors of a.
2, 3
Let u(g) = g**2 - g - 44. List the prime factors of u(10).
2, 23
Let c(q) = -q**3 - 3*q**2 + 2. Let f be c(-3). Suppose -f*w = -3*y + 27, 2*y - 5*w + 7 = 25. List the prime factors of y.
3
Suppose -s = s. Let v be (s - -3*2) + -1. Suppose -4*g - 3*n = 1, 0 = v*g - n - 6 - 7. List the prime factors of g.
2
Suppose -k - 72 = -n, -k = -0*k + 5*n + 42. Let q = -44 - k. What are the prime factors of q?
23
Let b = -3 - 3. What are the prime factors of 222/4 - 3/b?
2, 7
Let x be (2 - -11) + 3*-1. Let l = 15 - x. List the prime factors of l.
5
Suppose -2*l - 3*i - 2*i - 13 = 0, 0 = l - 5*i + 14. List the prime factors of ((-1)/(-2))/(l/(-72)).
2
Suppose 3*h = -3*u + 105, -h + 2*u = 4*h - 189. Let c be 9/(-6) + (-13)/(-2). Suppose -c*f + h + 28 = 0. What are the prime factors of f?
13
Let d(k) = 2*k. Let o be d(1). Suppose -c + 34 = o. List the prime factors of c.
2
Suppose i + 20 = -2*w, -66 = 3*i - 4*w + 24. Let p = -15 - i. Let q = 0 + p. List the prime factors of q.
11
Suppose -4*u - 2 = -6. Let l be (u - 0) + (-3)/3. Let v = 5 + l. What are the prime factors of v?
5
Let k(q) be the first derivative of q**4/4 - 8*q**3/3 + 11*q**2/2 - 9*q - 6. What are the prime factors of k(7)?
19
Suppose 0 = -8*t + 3*t + 40. Let g = t + -3. Suppose g*k = k + 12. List the prime factors of k.
3
Let z = 9 - 18. Let s = -6 - z. What are the prime factors of s?
3
Suppose -2*m + 120 = 4*d, -5*d + 5*m = -d - 92. List the prime factors of d.
2, 7
Suppose 0 = 3*n + 26 + 19. Let x be 6/10 - 21/n. Suppose x*o - 9 = -o. List the prime factors of o.
3
Let y be 4 - 2*(-1 + 2). Let w be ((-15)/6 + y)*-6. Suppose 5*s - 2*o - 52 = 0, w*s - 9*o - 34 = -5*o. What are the prime factors of s?
2, 5
Suppose 0 = -w + 3*k + 3, k + k = 6. What are the prime factors of w?
2, 3
Let x(s) = -5 + 1 + 4*s + s + s**2 - 1. Let y be x(-5). Let t = y + 8. What are the prime factors of t?
3
Let m(r) = r + 9. Let c be m(-7). Let s be c*(3/6 - -2). Suppose -27 = -s*q + 3. What are the prime factors of q?
2, 3
Let m = 15 - 11. Suppose -m*x - 2 = -2*x, -2*x + 20 = 2*l. What are the prime factors of l?
11
Suppose 10 = 5*y - 10. Suppose 0*l + 12 = y*l + b, 3*b + 4 = -2*l. Suppose -2*k = 2*o - 7*k - 34, -3*o + 44 = -l*k. List the prime factors of o.
2, 3
What are the prime factors of ((-11)/(-4))/(1/4)?
11
Let s be 0/(0 + (-3)/3). List the prime factors of s - -3 - (-8 - 1).
2, 3
Suppose -u + 15 = -1. What are the prime factors of u?
2
Let i = -4 - 18. What are the prime factors of 0 + i/(-2) + 2?
13
What are the prime factors of (5/(-2) - -2)*-106?
53
Let z = 3 - 1. Suppose z*p = 5*v - 0*p + 9, 4*p = -4*v + 4. Let u(d) = -10*d**3 + 2*d**2 + d. What are the prime factors of u(v)?
11
Suppose 573 - 181 = 2*g. What are the prime factors of g?
2, 7
Let m = -10 + 5. Let k be m*7/(35/(-18)). Suppose 22 + k = 4*h. List the prime factors of h.
2, 5
Suppose y = 4*y + 198. Let g be -2*(y/4)/1. Suppose g + 17 = 5*w. What are the prime factors of w?
2, 5
Let j(o) = o**2 - 4*o - 6. Let q(f) = f**2 + 6*f + 5. Let l be q(-6). Let k be j(l). Let r = 6 + k. List the prime factors of r.
5
Let y(m) = m**3 - 15*m**2 + 8*m + 13. List the prime factors of y(15).
7, 19
What are the prime factors of (-618)/(-6) + ((-36)/3)/(-3)?
107
Let o(s) = 28*s**2 + s. What are the prime factors of o(-1)?
3
Let s = -10 - -40. List the prime factors of s.
2, 3, 5
Suppose 3*t - 326 = -2*j - 57, 3*t = 2*j + 277. What are the prime factors of t?
7, 13
Let i be 17*(3 + -1 + 1). Let w = i + -31. List the prime factors of w.
2, 5
Let d(b) = -10*b - 2. Let q(p) = p**2 - p + 1. Let t(v) = d(v) - q(v). What are the prime factors of t(-6)?
3, 5
What are the prime factors of (364/(-35))/((-4)/10)?
2, 13
Let y = 63 + -31. List the prime factors of y.
2
Let p(y) be the second derivative of 4*y**3 + 2*y. Let u be p(1). Suppose 0*z + 5*h - u = -3*z, -4*z = -5*h + 3. What are the prime factors of z?
3
Let n(b) = 2*b**2 + 2*b + 3. Let m be n(-2). Suppose m = -3*g + 25. List the prime factors of g.
2, 3
Let r = -3 - -6. Suppose a - 9 = -2*h, r*h = 4*a - 0*h - 91. Let c = a - 7. What are the prime factors of c?
2, 3
Let w = 8 - -13. What are the prime factors of w?
3, 7
Suppose -45 = -5*n + 100. Let f = n - 17. List the prime factors of f.
2, 3
Suppose h - 2 - 1 = 0. Suppose -s + 20 = h*x, 3*x = 2*s - 0*s - 40. Suppose -s = -2*m + 4*t, -t - 7 = -2*m + 4. List the prime factors of m.
2
Suppose -2*y = 5*l - 40, 4*y = 3*l + y - 3. Suppose 5*h - l*h = -4. What are the prime factors of h?
2
List the prime factors of 554/10 + (-18)/45.
5, 11
Suppose 4*x = -1 - 7. List the prime factors of (x/4)/((-3)/72).
2, 3
Suppose 2*i - 79 = -t, -t + 25 = 4*i - 52. Suppose 0 = 5*x + o - t + 8, -2*o = 2*x - 26. List the prime factors of x.
3, 5
Let r = 58 - 22. What are the prime factors of r?
2, 3
Let d be 58/(-7) - (-8)/28. Let j = -5 - d. Suppose 0*n - 5*n - 2*i + 14 = 0, j*n - 16 = -5*i. What are the prime factors of n?
2
Suppose -9*l + 8*l + 22 = 0. List the prime factors of l.
2, 11
Suppose -4*b + 48 = 2*d + 2*d, -3*d = -b + 20. Let y = -1 + b. What are the prime factors of y?
13
List the prime factors of 304 - (4 - 4) - -5.
3, 103
Suppose -5*w + 2 = -4*w. Suppose -v - w*v = -6. List the prime factors of v.
2
Let o(k) = k**3 - 6*k**2 + 8*k - 7. What are the prime factors of o(5)?
2
Let q be ((-32)/(-12))/((-4)/(-6)). Suppose -3*m + 52 = -q*m. List the prime factors of 2/(-8)*m/1.
13
Let g(l) = l**2 - 14*l - 57. List the prime factors of g(18).
3, 5
Suppose 43 = 5*r - 142. Suppose -4*n + r - 1 = 0. Suppose 0 = -2*a + 15 + n. List the prime factors of a.
2, 3
Suppose 4*z + 20 = 6*z. What are the prime factors of z?
2, 5
Let r be (-55)/(-4) - 3/(-12). Suppose 5*s = r + 16. What are the prime factors of s?
2, 3
Suppose c + 4*u - 5 = 0, 3*c + 2*c + 3*u - 93 = 0. What are the prime factors of c?
3, 7
Suppose 2*t - 4*q - 32 = 0, -98 = t - 6*t + 4*q. What are the prime factors of t?
2, 11
Let b(i) = 12*i**3 + 3*i - 10. Let m(y) = 4*y**3 + y - 3. Let w(c) = 2*b(c) - 7*m(c). Let q be w(1). Let a = q - -7. List the prime factors of a.
3
Suppose 4*r - r = -2*u + 15, 0 = 4*r - u - 9. Suppose 7 = w + 3*p, -2*w + r*p + 29 = -21. List the prime factors of w.
19
Let p = 8 - 4. Suppose -p = -j, 5*j + 24 = -0*y + 4*y. What are the prime factors of y?
11
List the prime factors of (0 + 755)*6/30.
151
Let w(p) = 15*p - 2. Let t be w(2). Let x = t - 20. What are the prime factors of x?
2
Let f(a) be the third derivative of -a**4/12 + a**3 - a**2. Let t be f(4). Let z(h) = 2*h**2 - 2*h. List the prime factors of z(t).
2, 3
Let l(q) = -q + 4. What are the prime factors of l(-4)?
2
Suppose 8*r - 542 = -142. List the prime factors of r.
2, 5
Let g(a) = a**2 - a - 3. Let r(j) = -j**3 - 5*j**2 - 5*j - 2. Let i be r(-4). Suppose -4*f + 3*f + i*s = 0, -s = -2. List the prime factors of g(f).
3
Let p(h) = 3*h**2 - 4*h + 4. Let b be p(6). Suppose -3*u + 5*u - b = 0. Suppose 0*y - 4*y + u = 0. What are the prime factors of y?
11
Let i(v) = 15*v. Let w be i(1). Suppose 3*l - w = -2*o, 3*o + 0*l - 12 = -l. What are the prime factors of o/((-12)/(-7))*4?
7
Let b = -75 - -94. What are the prime factors of b?
19
Suppose 4*n - 4 = 4. Suppose -5*g + 3*j = -44, -n*g + 0*j - 4*j + 2 = 0. List the prime factors of g.
7
Suppose 131 + 109 = 4*n. Let y = n + -39. List the prime factors of y.
3, 7
Suppose k + 2*k - 4*f - 17 = 0, 16 = 3*k - 5*f. Let s = -2 - -5. Suppose k = -s*i + 22. What are the prime factors of i?
5
Let z be 2 + (-2 + -3 - -1). Let m = 4 + z. What are the prime factors of 2/(-2) + m*6?
11
Suppose -4*x = -2*x. Suppose -3*u = -x*u - 33. What are the prime factors of u?
11
Let t(w) = -w**3 + 5*w**2 - 3*w - 4. Let z be t(4). Let a be (9/(-1) + z)*1. Let h = a - -16. What are the prime factors of h?
7
Suppose 5*u + 0*u = 45. Let m = 30 - u. Suppose 0 = 5*j - 5, 2*j = 3*l - m + 5. List the prime facto